{"id":177,"date":"2019-05-08T00:13:59","date_gmt":"2019-05-08T00:13:59","guid":{"rendered":"http:\/\/sacauditores.cl\/?page_id=177"},"modified":"2019-05-16T03:16:04","modified_gmt":"2019-05-16T03:16:04","slug":"auditoria-a-los-gastos-comunes-servicios","status":"publish","type":"page","link":"http:\/\/www.sacauditores.cl\/index.php\/auditoria-a-los-gastos-comunes-servicios\/","title":{"rendered":"Servicios"},"content":{"rendered":"\n<p><\/p>\n\n\n\n<p style=\"font-size:17px\" class=\"has-text-color has-very-dark-gray-color <div style=&quot;color:#FF0000&gt;\">Porque nos especializamos en la auditor\u00eda a los Gastos Comunes, nuestro trabajo est\u00e1 dise\u00f1ado y enfocado b\u00e1sicamente en los siguientes aspectos: <\/p>\n\n\n\n<ul class=\"wp-block-list\"><li>Revisi\u00f3n de Ingresos y Egresos de la Comunidad<\/li><li>Validaci\u00f3n del Fondo de Reserva<\/li><li>Revisi\u00f3n de Inversiones Financiaras realizadas<\/li><li>Revisi\u00f3n y validaci\u00f3n de pagos de sueldos y cotizaciones previsionales<\/li><li>Validaci\u00f3n de saldos de residentes morosos<\/li><li>Revisi\u00f3n y\/o verificaci\u00f3n de existencia de contratos de servicios externos tales como, mantenci\u00f3n de piscinas, calderas, equipos electr\u00f3genos, ascensores, jardines, etc.<\/li><li>Prorrata de Gastos Comunes y otros an\u00e1lisis que sean necesarios para cada condominio.<\/li><\/ul>\n\n\n\n<p><\/p>\n","protected":false},"excerpt":{"rendered":"<p>Porque nos especializamos en la auditor\u00eda a los Gastos Comunes, nuestro trabajo est\u00e1 dise\u00f1ado y enfocado b\u00e1sicamente en los siguientes aspectos: Revisi\u00f3n de Ingresos y Egresos de la Comunidad Validaci\u00f3n<a href=\"http:\/\/www.sacauditores.cl\/index.php\/auditoria-a-los-gastos-comunes-servicios\/\" class=\"more-link\">Read More <span class=\"screen-reader-text\">Servicios<\/span><\/a><\/p>\n","protected":false},"author":1,"featured_media":0,"parent":0,"menu_order":0,"comment_status":"closed","ping_status":"closed","template":"","meta":{"footnotes":""},"class_list":["post-177","page","type-page","status-publish","hentry"],"yoast_head":"<!-- This site is optimized with the Yoast SEO plugin v19.13 - https:\/\/yoast.com\/wordpress\/plugins\/seo\/ -->\n<title>Servicios - SAC Auditores<\/title>\n<meta name=\"description\" content=\"Lo m\u00e1s importante de la auditoria a los gastos comunes de su condominio es entregarles seguridad y tranquilidad respecto de la informaci\u00f3n presentada.\" \/>\n<meta name=\"robots\" content=\"index, follow, max-snippet:-1, max-image-preview:large, max-video-preview:-1\" \/>\n<link rel=\"canonical\" href=\"http:\/\/www.sacauditores.cl\/index.php\/auditoria-a-los-gastos-comunes-servicios\/\" \/>\n<meta property=\"og:locale\" content=\"es_ES\" \/>\n<meta property=\"og:type\" content=\"article\" \/>\n<meta property=\"og:title\" content=\"Servicios - SAC Auditores\" \/>\n<meta property=\"og:description\" content=\"Lo m\u00e1s importante de la auditoria a los gastos comunes de su condominio es entregarles seguridad y tranquilidad respecto de la informaci\u00f3n presentada.\" \/>\n<meta property=\"og:url\" content=\"http:\/\/www.sacauditores.cl\/index.php\/auditoria-a-los-gastos-comunes-servicios\/\" \/>\n<meta property=\"og:site_name\" content=\"SAC Auditores\" \/>\n<meta property=\"article:modified_time\" content=\"2019-05-16T03:16:04+00:00\" \/>\n<meta name=\"twitter:card\" content=\"summary_large_image\" \/>\n<script type=\"application\/ld+json\" class=\"yoast-schema-graph\">{\"@context\":\"https:\/\/schema.org\",\"@graph\":[{\"@type\":\"WebPage\",\"@id\":\"http:\/\/www.sacauditores.cl\/index.php\/auditoria-a-los-gastos-comunes-servicios\/\",\"url\":\"http:\/\/www.sacauditores.cl\/index.php\/auditoria-a-los-gastos-comunes-servicios\/\",\"name\":\"Servicios - SAC Auditores\",\"isPartOf\":{\"@id\":\"http:\/\/www.sacauditores.cl\/#website\"},\"datePublished\":\"2019-05-08T00:13:59+00:00\",\"dateModified\":\"2019-05-16T03:16:04+00:00\",\"description\":\"Lo m\u00e1s importante de la auditoria a los gastos comunes de su condominio es entregarles seguridad y tranquilidad respecto de la informaci\u00f3n presentada.\",\"breadcrumb\":{\"@id\":\"http:\/\/www.sacauditores.cl\/index.php\/auditoria-a-los-gastos-comunes-servicios\/#breadcrumb\"},\"inLanguage\":\"es-CL\",\"potentialAction\":[{\"@type\":\"ReadAction\",\"target\":[\"http:\/\/www.sacauditores.cl\/index.php\/auditoria-a-los-gastos-comunes-servicios\/\"]}]},{\"@type\":\"BreadcrumbList\",\"@id\":\"http:\/\/www.sacauditores.cl\/index.php\/auditoria-a-los-gastos-comunes-servicios\/#breadcrumb\",\"itemListElement\":[{\"@type\":\"ListItem\",\"position\":1,\"name\":\"Portada\",\"item\":\"http:\/\/www.sacauditores.cl\/\"},{\"@type\":\"ListItem\",\"position\":2,\"name\":\"Servicios\"}]},{\"@type\":\"WebSite\",\"@id\":\"http:\/\/www.sacauditores.cl\/#website\",\"url\":\"http:\/\/www.sacauditores.cl\/\",\"name\":\"SAC Auditores\",\"description\":\"Auditor\u00eda a Condominios\",\"potentialAction\":[{\"@type\":\"SearchAction\",\"target\":{\"@type\":\"EntryPoint\",\"urlTemplate\":\"http:\/\/www.sacauditores.cl\/?s={search_term_string}\"},\"query-input\":\"required name=search_term_string\"}],\"inLanguage\":\"es-CL\"}]}<\/script>\n<!-- \/ Yoast SEO plugin. -->","yoast_head_json":{"title":"Servicios - SAC Auditores","description":"Lo m\u00e1s importante de la auditoria a los gastos comunes de su condominio es entregarles seguridad y tranquilidad respecto de la informaci\u00f3n presentada.","robots":{"index":"index","follow":"follow","max-snippet":"max-snippet:-1","max-image-preview":"max-image-preview:large","max-video-preview":"max-video-preview:-1"},"canonical":"http:\/\/www.sacauditores.cl\/index.php\/auditoria-a-los-gastos-comunes-servicios\/","og_locale":"es_ES","og_type":"article","og_title":"Servicios - SAC Auditores","og_description":"Lo m\u00e1s importante de la auditoria a los gastos comunes de su condominio es entregarles seguridad y tranquilidad respecto de la informaci\u00f3n presentada.","og_url":"http:\/\/www.sacauditores.cl\/index.php\/auditoria-a-los-gastos-comunes-servicios\/","og_site_name":"SAC Auditores","article_modified_time":"2019-05-16T03:16:04+00:00","twitter_card":"summary_large_image","schema":{"@context":"https:\/\/schema.org","@graph":[{"@type":"WebPage","@id":"http:\/\/www.sacauditores.cl\/index.php\/auditoria-a-los-gastos-comunes-servicios\/","url":"http:\/\/www.sacauditores.cl\/index.php\/auditoria-a-los-gastos-comunes-servicios\/","name":"Servicios - SAC Auditores","isPartOf":{"@id":"http:\/\/www.sacauditores.cl\/#website"},"datePublished":"2019-05-08T00:13:59+00:00","dateModified":"2019-05-16T03:16:04+00:00","description":"Lo m\u00e1s importante de la auditoria a los gastos comunes de su condominio es entregarles seguridad y tranquilidad respecto de la informaci\u00f3n presentada.","breadcrumb":{"@id":"http:\/\/www.sacauditores.cl\/index.php\/auditoria-a-los-gastos-comunes-servicios\/#breadcrumb"},"inLanguage":"es-CL","potentialAction":[{"@type":"ReadAction","target":["http:\/\/www.sacauditores.cl\/index.php\/auditoria-a-los-gastos-comunes-servicios\/"]}]},{"@type":"BreadcrumbList","@id":"http:\/\/www.sacauditores.cl\/index.php\/auditoria-a-los-gastos-comunes-servicios\/#breadcrumb","itemListElement":[{"@type":"ListItem","position":1,"name":"Portada","item":"http:\/\/www.sacauditores.cl\/"},{"@type":"ListItem","position":2,"name":"Servicios"}]},{"@type":"WebSite","@id":"http:\/\/www.sacauditores.cl\/#website","url":"http:\/\/www.sacauditores.cl\/","name":"SAC Auditores","description":"Auditor\u00eda a Condominios","potentialAction":[{"@type":"SearchAction","target":{"@type":"EntryPoint","urlTemplate":"http:\/\/www.sacauditores.cl\/?s={search_term_string}"},"query-input":"required name=search_term_string"}],"inLanguage":"es-CL"}]}},"_links":{"self":[{"href":"http:\/\/www.sacauditores.cl\/index.php\/wp-json\/wp\/v2\/pages\/177","targetHints":{"allow":["GET"]}}],"collection":[{"href":"http:\/\/www.sacauditores.cl\/index.php\/wp-json\/wp\/v2\/pages"}],"about":[{"href":"http:\/\/www.sacauditores.cl\/index.php\/wp-json\/wp\/v2\/types\/page"}],"author":[{"embeddable":true,"href":"http:\/\/www.sacauditores.cl\/index.php\/wp-json\/wp\/v2\/users\/1"}],"replies":[{"embeddable":true,"href":"http:\/\/www.sacauditores.cl\/index.php\/wp-json\/wp\/v2\/comments?post=177"}],"version-history":[{"count":13,"href":"http:\/\/www.sacauditores.cl\/index.php\/wp-json\/wp\/v2\/pages\/177\/revisions"}],"predecessor-version":[{"id":267,"href":"http:\/\/www.sacauditores.cl\/index.php\/wp-json\/wp\/v2\/pages\/177\/revisions\/267"}],"wp:attachment":[{"href":"http:\/\/www.sacauditores.cl\/index.php\/wp-json\/wp\/v2\/media?parent=177"}],"curies":[{"name":"wp","href":"https:\/\/api.w.org\/{rel}","templated":true}]}}